 -4*g - 2*t + 116, g + 145 = 6*g - 3*t. What is the remainder when g is divided by 15?
14
Suppose 120 = 2*m + m. What is the remainder when (-144)/(-20)*m/6 is divided by 17?
14
Suppose 2*b = 2*k + b - 85, 5*b + 20 = k. Let p(n) = -2*n. Let s be p(7). Let q = s + 26. What is the remainder when k is divided by q?
9
Suppose 0 = 4*g - 2*s - 2 - 10, -3*g + 14 = -4*s. Let x(a) = -a + 11. Let v be x(8). Suppose c - v*c = -2. What is the remainder when g is divided by c?
0
Let z(h) = 2*h**2 - 3*h - 3. Let w be z(-3). Suppose -7*b = -4*b - w. Calculate the remainder when 23 is divided by b.
7
Let f(v) = v**3 + 5*v**2 + 2*v - 1. What is the remainder when 11 is divided by f(-4)?
4
Let h = -26 + 46. Calculate the remainder when 59 is divided by h.
19
Suppose -w - 5 = 0, 3*u = 4*w - 0*w + 26. Suppose 0 = 3*i - u*i - 17. What is the remainder when i is divided by -2*5/(-2) - 0?
2
Suppose -11 = 2*t + 39. Let h = t + 57. What is the remainder when 62 is divided by h?
30
Let s = 19 - 10. Let h(u) = u + 3. Let m(i) = -i - 3. Let y be m(-6). Calculate the remainder when s is divided by h(y).
3
Suppose f = 6*f + 15. What is the remainder when (-3 - 0)/(f/63) is divided by 16?
15
Let y = -3 + -3. Let r(f) = -7*f - 5. Calculate the remainder when r(-5) is divided by (-147)/(-9) + 2/y.
14
Let p = 18 + -1. What is the remainder when 48 is divided by p?
14
Let z = -282 + 435. Calculate the remainder when z is divided by 39.
36
Suppose 3*y + 4*i - 104 = -y, 15 = -3*i. Calculate the remainder when y is divided by 10 + 1 + (-1 - -1).
9
Suppose -2*w + 10 + 0 = 0. What is the remainder when 17 is divided by w?
2
Suppose -3*i = t - 141, 0 = -0*t - 2*t - 2*i + 286. Let o(z) = 2*z - 1. Calculate the remainder when (-4)/10 - t/(-10) is divided by o(3).
4
Let j(n) = 35*n**3 + 2*n**2 + n. Let g be j(-1). Let c = -24 - g. What is the remainder when 28 is divided by c?
8
Suppose -41 = 6*d - 7*d. Let x = -12 + d. What is the remainder when 86 is divided by x?
28
Let r(m) = -5*m**2 + m - 3. Let l(i) = 9*i**2 - 3*i + 6. Let h(f) = -4*l(f) - 7*r(f). Suppose 5 + 1 = 2*z. Calculate the remainder when z is divided by h(3).
0
Calculate the remainder when ((-26)/(-6))/(2/12) is divided by -8 + 34/10*5.
8
Let a(n) = n**3 - 3*n**2 + 2. Calculate the remainder when 5 is divided by a(3).
1
Let d(b) = -3*b - 4. Let v be d(-3). Suppose 5*l + 6 = 2*h + l, -v*h + 6 = -l. What is the remainder when 1 is divided by h?
0
Suppose 2*s = 5*n - 25, 7*s - 4*n = 6*s - 17. Let p(m) be the third derivative of -m**4/12 - 7*m**3/6 + m**2. What is the remainder when p(s) is divided by 2?
1
Let o(j) = -4*j - 3. What is the remainder when 48 is divided by o(-5)?
14
Suppose -2*p + 29 = -7. Suppose -4*d + 16 = -4*q + 8*q, 3*q = 4*d - 37. Calculate the remainder when p is divided by d.
4
Suppose -4 + 31 = 3*l + 3*m, 2*l - 3 = 3*m. Let t = l - -2. What is the remainder when -1 - 4/((-4)/23) is divided by t?
6
Let c = 99 - 89. Calculate the remainder when (40/(-3) - -1)*-3 is divided by c.
7
Suppose 0 = l - 0 - 2. Suppose -l*w - w = -24. What is the remainder when 15 is divided by w?
7
What is the remainder when ((-6)/(-9))/(2/162) is divided by (-2)/(-1*(80/(-28) + 3))?
12
Suppose 0 = -7*q + 2*q + 90. Let i(z) = z**3 - 11*z**2 - 12*z + 7. What is the remainder when q is divided by i(12)?
4
Let k = 11 - 11. Suppose 4*j - 2*w - 52 = k, 3*j + w = 8*j - 65. Calculate the remainder when 25 is divided by j.
12
Let o(h) = h**3 + 7*h**2 + 11*h + 7. Let f be o(-5). Suppose 5*d - f*d - 5*k = 275, -2*d - 3*k + 196 = 0. Calculate the remainder when d is divided by 24.
23
Let x(j) = -j + 20. Calculate the remainder when 4/(-18) - 735/(-27) is divided by x(6).
13
Suppose -2*z - 72 = -5*h, 8*z = -3*h + 4*z + 38. What is the remainder when 110 is divided by h?
12
Calculate the remainder when 41 is divided by (-8)/(-20) - 103/(-5).
20
Let h(b) = b**2 + 7*b + 9. Let g be h(-7). Suppose 3*r + g = 3*w - 0*w, -w - 25 = 3*r. Let t = r + 14. Calculate the remainder when 19 is divided by t.
5
Let m = 0 - -2. Suppose -5 = -y + m. Calculate the remainder when ((-26)/(-8))/(6/24) is divided by y.
6
Suppose 4*s - 8*s = -108. What is the remainder when s is divided by 4?
3
Let k(t) = 4*t**3 - t**2 - 2*t + 2. Let y(i) = -i**3 - 5*i**2 - 2*i + 3. Calculate the remainder when y(-6) is divided by k(2).
25
Suppose -4*i = 2*n - 10, 2*n = -n + i + 50. Calculate the remainder when n is divided by 9.
6
Suppose -2*v + v = -8. Calculate the remainder when 9 is divided by v.
1
Let l(a) = -a**3 + 8*a**2 + 2*a - 2. Let p = 18 - -35. What is the remainder when p is divided by l(8)?
11
Let k(r) = 35*r - 1. Let w(y) = -y + 5. Let x be w(4). What is the remainder when k(x) is divided by 18?
16
Suppose 4*n - 31 = 5*f, -3*n - 2 = 4*f - 64. Let o = n - 0. Calculate the remainder when 26 is divided by o.
12
Let c = 22 + -32. Let j be c/45 - 542/(-9). Suppose 0*o = -5*o + j. Calculate the remainder when o is divided by 7.
5
Suppose 0 = 3*c + 3*u - 198, -3*u + 5 = 2. Let o = -24 + c. What is the remainder when o is divided by 21?
20
Let x(b) be the third derivative of b**4/12 - 5*b**3/6 + 2*b**2. Calculate the remainder when 32 is divided by x(8).
10
Let h(s) = s**3 + 2*s - 2. Suppose -4 = 4*j - 2*p - 2*p, -40 = -5*j - 4*p. Let k = j + 2. Calculate the remainder when h(2) is divided by k.
4
Let b = 68 - 37. What is the remainder when b is divided by 8?
7
Suppose 0 = -3*k, -c + 0*c - 2*k + 20 = 0. Let i = 4 - -8. Calculate the remainder when c is divided by i.
8
Suppose -2*v + v - m = 1, 4*m = 3*v - 11. Let w = v + 2. Suppose 15 = 3*p - 2*f - 0*f, 0 = w*p + 4*f - 33. Calculate the remainder when p is divided by 4.
3
Suppose -1 = 5*q - 6. Suppose 4*t + q - 41 = 0. Calculate the remainder when t is divided by 4 + 1/(-3 + 2).
1
Calculate the remainder when 272/9 - (-4)/(-18) is divided by 16.
14
Let m(c) = -6*c - 5. Let s be m(-5). Let i = -2 + s. Calculate the remainder when 91 is divided by i.
22
Let j(b) = 2*b**3 - b**2 - 3*b + 2. Let v be j(2). Calculate the remainder when 8 is divided by 18/4 - (-4)/v.
3
Let h(w) = -w**3 + 4*w**2 + 2*w - 3. Let y(v) = v**2 + 4*v + 3. Let m be y(-4). Calculate the remainder when 45 is divided by h(m).
9
Suppose 0 = 3*j - 23 - 19. What is the remainder when j is divided by 4?
2
Let n(o) = -o**2 - 15*o - 3. What is the remainder when n(-13) is divided by 2 + (10 - 2) + 2?
11
Suppose -l + 56 = -2*b, 2*l - 29 - 74 = b. Suppose 4*y + 5*n = 42, -4*y + 3*y - 2*n = -9. What is the remainder when l is divided by y?
11
Calculate the remainder when 30 is divided by (-21)/14*16/(-3).
6
Let a(l) = -20*l - 64. Calculate the remainder when 163 is divided by a(-6).
51
Let d(k) = 3*k**2 - 4*k. Let x = -105 - -149. What is the remainder when x is divided by d(3)?
14
Suppose 5*l + 63 + 102 = 0. Let b = l - -98. What is the remainder when b is divided by 22?
21
Let d(o) = 10*o**3 - 2*o**2 + o. Calculate the remainder when 762/30 + 4/(-10) is divided by d(1).
7
Suppose 5*p - 7 = 2*w, -p - 2*w = 2*p - 1. What is the remainder when 31 is divided by (1 - p) + (-1 - -18)?
14
Suppose 3*i + 7 = y + 12, -y - 4*i + 9 = 0. Suppose 0 = -3*r + 2 + 1. What is the remainder when r is divided by y?
0
Let z(f) = f**3 - 14*f**2 + 12*f + 18. What is the remainder when 9 is divided by z(13)?
4
Suppose 1 = -2*t - 4*c - 11, 5*c + 25 = 0. Let j = 6 + t. Let q(f) = 6*f. Calculate the remainder when j is divided by q(1).
4
Let i(b) = b**2 - 7*b - 6. Let m be i(8). Calculate the remainder when 5 is divided by (2 - 2)/(-3) + m.
1
Suppose -5*t + 57 = -2*i - 101, -4*t - 53 = i. Let r = -44 - i. Calculate the remainder when r is divided by 7.
4
Suppose 3*u + j - 29 = 0, -6*j = -4*j - 4. Let a(f) be the third derivative of -f**4/6 - f**3/3 + 2*f**2. Calculate the remainder when a(-7) is divided by u.
8
Suppose -2*i = -10 - 6. Let o = 129 + -68. Suppose -4*c = -3*u + o, -5*u + 5*c + 42 = -53. What is the remainder when u is divided by i?
7
Let a be 10 - (3/(-1) + 5). Suppose -4*s - a = -68. Calculate the remainder when 72 is divided by s.
12
Suppose -2*c - 18 = -5*c. Let p = 4 + 13. What is the remainder when p is divided by c?
5
Suppose 3*m - 4 = 5. Let k be -1*(2 - 3) - -7. What is the remainder when 47/5 - k/20 is divided by m?
0
Let w = 14 - -14. What is the remainder when w